{"id":309,"date":"2016-11-06T12:10:56","date_gmt":"2016-11-06T11:10:56","guid":{"rendered":"http:\/\/zsokwidzyn.pl\/?page_id=309"},"modified":"2017-06-07T14:27:14","modified_gmt":"2017-06-07T12:27:14","slug":"zdolni-z-pomorza-2","status":"publish","type":"page","link":"https:\/\/zsokwidzyn.pl\/index.php\/zdolni-z-pomorza-2\/","title":{"rendered":"Zdolni z Pomorza"},"content":{"rendered":"<p><strong><a href=\"http:\/\/zsokwidzyn.pl\/wp-content\/uploads\/2016\/11\/zDOLNI-Plakat-2017-18.docx\" target=\"_blank\" rel=\"noopener noreferrer\">Zdolni z Pomorza Plakat 2017\/2018<\/a><\/strong><\/p>\n<p><strong><a href=\"http:\/\/zsokwidzyn.pl\/wp-content\/uploads\/2016\/11\/arkusz-nominacji-2017-z.doc\" target=\"_blank\" rel=\"noopener noreferrer\">Arkusz nominacji 2017<\/a><\/strong><\/p>\n<p><strong><a href=\"http:\/\/zsokwidzyn.pl\/wp-content\/uploads\/2016\/11\/Informacja-o-rekrutacji.docx\">Informacja o rekrutacji<\/a><\/strong><\/p>\n<p><strong><a href=\"http:\/\/zsokwidzyn.pl\/wp-content\/uploads\/2016\/11\/Lista-wymaganych-osi\u2500\u016fgni\u2500\u00d6\u2500\u00e7.docx\">Lista wymaganych osi\u0105gni\u0119\u0107<\/a><\/strong><\/p>\n<p><strong><a href=\"http:\/\/zsokwidzyn.pl\/wp-content\/uploads\/2016\/11\/O\u253c\u0164wiadczenie.docx\">O\u015bwiadczenie<\/a><\/strong><\/p>\n<p><strong><a href=\"http:\/\/zsokwidzyn.pl\/wp-content\/uploads\/2016\/11\/regulamin.docx\">Regulamin<\/a><\/strong><\/p>\n<p><strong><a href=\"http:\/\/zsokwidzyn.pl\/wp-content\/uploads\/2016\/11\/wniosek-o-przeprowadzenie-bada\u253c\u00e4.docx\">Wniosek o przeprowadzenie badania<\/a><\/strong><\/p>\n<p><strong><a href=\"http:\/\/zsokwidzyn.pl\/wp-content\/uploads\/2016\/11\/Wniosek-o-zmian\u2500\u00d6-LCNK.docx\">Wniosek o zmian\u0119 LCNK<\/a><\/strong><\/p>\n<p>&nbsp;<\/p>\n","protected":false},"excerpt":{"rendered":"<div class=\"mh-excerpt\"><p>Zdolni z Pomorza Plakat 2017\/2018 Arkusz nominacji 2017 Informacja o rekrutacji Lista wymaganych osi\u0105gni\u0119\u0107 O\u015bwiadczenie Regulamin Wniosek o przeprowadzenie badania Wniosek o zmian\u0119 LCNK &nbsp;<\/p>\n<\/div>","protected":false},"author":1,"featured_media":0,"parent":0,"menu_order":0,"comment_status":"closed","ping_status":"closed","template":"","meta":{"footnotes":""},"class_list":["post-309","page","type-page","status-publish","hentry"],"_links":{"self":[{"href":"https:\/\/zsokwidzyn.pl\/index.php\/wp-json\/wp\/v2\/pages\/309","targetHints":{"allow":["GET"]}}],"collection":[{"href":"https:\/\/zsokwidzyn.pl\/index.php\/wp-json\/wp\/v2\/pages"}],"about":[{"href":"https:\/\/zsokwidzyn.pl\/index.php\/wp-json\/wp\/v2\/types\/page"}],"author":[{"embeddable":true,"href":"https:\/\/zsokwidzyn.pl\/index.php\/wp-json\/wp\/v2\/users\/1"}],"replies":[{"embeddable":true,"href":"https:\/\/zsokwidzyn.pl\/index.php\/wp-json\/wp\/v2\/comments?post=309"}],"version-history":[{"count":4,"href":"https:\/\/zsokwidzyn.pl\/index.php\/wp-json\/wp\/v2\/pages\/309\/revisions"}],"predecessor-version":[{"id":1422,"href":"https:\/\/zsokwidzyn.pl\/index.php\/wp-json\/wp\/v2\/pages\/309\/revisions\/1422"}],"wp:attachment":[{"href":"https:\/\/zsokwidzyn.pl\/index.php\/wp-json\/wp\/v2\/media?parent=309"}],"curies":[{"name":"wp","href":"https:\/\/api.w.org\/{rel}","templated":true}]}}