{"id":5141,"date":"2020-08-12T09:42:17","date_gmt":"2020-08-12T07:42:17","guid":{"rendered":"http:\/\/zsokwidzyn.pl\/?page_id=5141"},"modified":"2020-08-21T11:03:07","modified_gmt":"2020-08-21T09:03:07","slug":"rekrutacja-2020-2021-1-c-psychologiczno-pedagogiczna","status":"publish","type":"page","link":"https:\/\/zsokwidzyn.pl\/index.php\/rekrutacja-2020-2021-1-c-psychologiczno-pedagogiczna\/","title":{"rendered":"Rekrutacja 2020-2021  1 C &#8211; psychologiczno-pedagogiczna"},"content":{"rendered":"<table width=\"518\">\n<tbody>\n<tr>\n<td colspan=\"4\" width=\"442\">I Liceum Og\u00f3lnokszta\u0142c\u0105ce w Kwidzynie<\/td>\n<td width=\"76\"><\/td>\n<\/tr>\n<tr>\n<td colspan=\"4\" width=\"442\">Lista przyj\u0119tych<\/td>\n<td><\/td>\n<\/tr>\n<tr>\n<td><\/td>\n<td><\/td>\n<td><\/td>\n<td><\/td>\n<td><\/td>\n<\/tr>\n<tr>\n<td colspan=\"4\" width=\"442\">C &#8211; pedagogiczno &#8211; psychologiczny<\/td>\n<td><\/td>\n<\/tr>\n<tr>\n<td colspan=\"4\" width=\"442\">Pr\u00f3g punktowy = 114,6<\/td>\n<td><\/td>\n<\/tr>\n<tr>\n<td width=\"42\">L.p.<\/td>\n<td width=\"113\">Imi\u0119<\/td>\n<td width=\"113\">Drugie imi\u0119<\/td>\n<td width=\"174\">Nazwisko<\/td>\n<td><\/td>\n<\/tr>\n<tr>\n<td width=\"42\">1<\/td>\n<td width=\"113\">Amelia<\/td>\n<td width=\"113\"><\/td>\n<td width=\"174\">Amernik<\/td>\n<td>przyj\u0119ty<\/td>\n<\/tr>\n<tr>\n<td width=\"42\">2<\/td>\n<td width=\"113\">Zuzanna<\/td>\n<td width=\"113\">Barbara<\/td>\n<td width=\"174\">Arendt<\/td>\n<td>przyj\u0119ty<\/td>\n<\/tr>\n<tr>\n<td width=\"42\">3<\/td>\n<td width=\"113\">Oliwia<\/td>\n<td width=\"113\"><\/td>\n<td width=\"174\">Bawelska<\/td>\n<td>przyj\u0119ty<\/td>\n<\/tr>\n<tr>\n<td width=\"42\">4<\/td>\n<td width=\"113\">Oliwia<\/td>\n<td width=\"113\"><\/td>\n<td width=\"174\">Bizewska<\/td>\n<td>przyj\u0119ty<\/td>\n<\/tr>\n<tr>\n<td width=\"42\">5<\/td>\n<td width=\"113\">Marika<\/td>\n<td width=\"113\">Wiktoria<\/td>\n<td width=\"174\">Dahm<\/td>\n<td>przyj\u0119ty<\/td>\n<\/tr>\n<tr>\n<td width=\"42\">6<\/td>\n<td width=\"113\">Klara<\/td>\n<td width=\"113\">Barbara<\/td>\n<td width=\"174\">Drozdek<\/td>\n<td>przyj\u0119ty<\/td>\n<\/tr>\n<tr>\n<td width=\"42\">7<\/td>\n<td width=\"113\">Adam<\/td>\n<td width=\"113\">Sebastian<\/td>\n<td width=\"174\">Fija\u0142kowski<\/td>\n<td>przyj\u0119ty<\/td>\n<\/tr>\n<tr>\n<td width=\"42\">8<\/td>\n<td width=\"113\">Amelia<\/td>\n<td width=\"113\"><\/td>\n<td width=\"174\">Fr\u0105ckiewicz<\/td>\n<td>przyj\u0119ty<\/td>\n<\/tr>\n<tr>\n<td width=\"42\">9<\/td>\n<td width=\"113\">Agata<\/td>\n<td width=\"113\"><\/td>\n<td width=\"174\">Gubiec<\/td>\n<td>przyj\u0119ty<\/td>\n<\/tr>\n<tr>\n<td width=\"42\">10<\/td>\n<td width=\"113\">Zuzanna<\/td>\n<td width=\"113\"><\/td>\n<td width=\"174\">Jasi\u0144ska<\/td>\n<td>przyj\u0119ty<\/td>\n<\/tr>\n<tr>\n<td width=\"42\">11<\/td>\n<td width=\"113\">Zuzanna<\/td>\n<td width=\"113\"><\/td>\n<td width=\"174\">J\u0119dras<\/td>\n<td>przyj\u0119ty<\/td>\n<\/tr>\n<tr>\n<td width=\"42\">12<\/td>\n<td width=\"113\">Wiktoria<\/td>\n<td width=\"113\">Weronika<\/td>\n<td width=\"174\">Karandziej<\/td>\n<td>przyj\u0119ty<\/td>\n<\/tr>\n<tr>\n<td width=\"42\">13<\/td>\n<td width=\"113\">Emilia<\/td>\n<td width=\"113\">Laura<\/td>\n<td width=\"174\">Ka\u017amierska<\/td>\n<td>przyj\u0119ty<\/td>\n<\/tr>\n<tr>\n<td width=\"42\">14<\/td>\n<td width=\"113\">Emilia<\/td>\n<td width=\"113\"><\/td>\n<td width=\"174\">Lubi\u0144ska<\/td>\n<td>przyj\u0119ty<\/td>\n<\/tr>\n<tr>\n<td width=\"42\">15<\/td>\n<td width=\"113\">Martyna<\/td>\n<td width=\"113\">Ma\u0142gorzata<\/td>\n<td width=\"174\">Majewska<\/td>\n<td>przyj\u0119ty<\/td>\n<\/tr>\n<tr>\n<td width=\"42\">16<\/td>\n<td width=\"113\">Mateusz<\/td>\n<td width=\"113\">Dariusz<\/td>\n<td width=\"174\">Mr\u00f3z<\/td>\n<td>przyj\u0119ty<\/td>\n<\/tr>\n<tr>\n<td width=\"42\">17<\/td>\n<td width=\"113\">Julia<\/td>\n<td width=\"113\">Katarzyna<\/td>\n<td width=\"174\">Rakoczy<\/td>\n<td>przyj\u0119ty<\/td>\n<\/tr>\n<tr>\n<td width=\"42\">18<\/td>\n<td width=\"113\">Klaudia<\/td>\n<td width=\"113\"><\/td>\n<td width=\"174\">Sad\u0142os<\/td>\n<td>przyj\u0119ty<\/td>\n<\/tr>\n<tr>\n<td width=\"42\">19<\/td>\n<td width=\"113\">Marcel<\/td>\n<td width=\"113\"><\/td>\n<td width=\"174\">Schnejder<\/td>\n<td>przyj\u0119ty<\/td>\n<\/tr>\n<tr>\n<td width=\"42\">20<\/td>\n<td width=\"113\">Kinga<\/td>\n<td width=\"113\">Patrycja<\/td>\n<td width=\"174\">Sinicka<\/td>\n<td>przyj\u0119ty<\/td>\n<\/tr>\n<tr>\n<td width=\"42\">21<\/td>\n<td width=\"113\">Dominika<\/td>\n<td width=\"113\"><\/td>\n<td width=\"174\">Skonieczna<\/td>\n<td>przyj\u0119ty<\/td>\n<\/tr>\n<tr>\n<td width=\"42\">22<\/td>\n<td width=\"113\">Zuzanna<\/td>\n<td width=\"113\">Maria<\/td>\n<td width=\"174\">S\u0142upczy\u0144ska<\/td>\n<td>przyj\u0119ty<\/td>\n<\/tr>\n<tr>\n<td width=\"42\">23<\/td>\n<td width=\"113\">Emilia<\/td>\n<td width=\"113\"><\/td>\n<td width=\"174\">\u015awierczy\u0144ska<\/td>\n<td>przyj\u0119ty<\/td>\n<\/tr>\n<tr>\n<td width=\"42\">24<\/td>\n<td width=\"113\">Zuzanna<\/td>\n<td width=\"113\"><\/td>\n<td width=\"174\">Terpi\u0142owska<\/td>\n<td>przyj\u0119ty<\/td>\n<\/tr>\n<tr>\n<td width=\"42\">25<\/td>\n<td width=\"113\">Dagna<\/td>\n<td width=\"113\"><\/td>\n<td width=\"174\">Wi\u0119ckowska<\/td>\n<td>przyj\u0119ty<\/td>\n<\/tr>\n<tr>\n<td width=\"42\">26<\/td>\n<td width=\"113\">Amelia<\/td>\n<td width=\"113\">Oliwia<\/td>\n<td width=\"174\">Witkowska<\/td>\n<td>przyj\u0119ty<\/td>\n<\/tr>\n<tr>\n<td width=\"42\">27<\/td>\n<td width=\"113\">Aleksandra<\/td>\n<td width=\"113\">Stefania<\/td>\n<td width=\"174\">Wyczli\u0144ska<\/td>\n<td>przyj\u0119ty<\/td>\n<\/tr>\n<\/tbody>\n<\/table>\n<p><span style=\"font-size: 18pt;\"><strong>Wolne miejsca: 1<br \/>\n<\/strong><\/span><\/p>\n","protected":false},"excerpt":{"rendered":"<div class=\"mh-excerpt\"><p>I Liceum Og\u00f3lnokszta\u0142c\u0105ce w Kwidzynie Lista przyj\u0119tych C &#8211; pedagogiczno &#8211; psychologiczny Pr\u00f3g punktowy = 114,6 L.p. Imi\u0119 Drugie imi\u0119 Nazwisko 1 Amelia Amernik przyj\u0119ty <a class=\"mh-excerpt-more\" href=\"https:\/\/zsokwidzyn.pl\/index.php\/rekrutacja-2020-2021-1-c-psychologiczno-pedagogiczna\/\" title=\"Rekrutacja 2020-2021  1 C &#8211; psychologiczno-pedagogiczna\">[&#8230;]<\/a><\/p>\n<\/div>","protected":false},"author":1,"featured_media":0,"parent":0,"menu_order":0,"comment_status":"closed","ping_status":"closed","template":"","meta":{"footnotes":""},"class_list":["post-5141","page","type-page","status-publish","hentry"],"_links":{"self":[{"href":"https:\/\/zsokwidzyn.pl\/index.php\/wp-json\/wp\/v2\/pages\/5141","targetHints":{"allow":["GET"]}}],"collection":[{"href":"https:\/\/zsokwidzyn.pl\/index.php\/wp-json\/wp\/v2\/pages"}],"about":[{"href":"https:\/\/zsokwidzyn.pl\/index.php\/wp-json\/wp\/v2\/types\/page"}],"author":[{"embeddable":true,"href":"https:\/\/zsokwidzyn.pl\/index.php\/wp-json\/wp\/v2\/users\/1"}],"replies":[{"embeddable":true,"href":"https:\/\/zsokwidzyn.pl\/index.php\/wp-json\/wp\/v2\/comments?post=5141"}],"version-history":[{"count":6,"href":"https:\/\/zsokwidzyn.pl\/index.php\/wp-json\/wp\/v2\/pages\/5141\/revisions"}],"predecessor-version":[{"id":5174,"href":"https:\/\/zsokwidzyn.pl\/index.php\/wp-json\/wp\/v2\/pages\/5141\/revisions\/5174"}],"wp:attachment":[{"href":"https:\/\/zsokwidzyn.pl\/index.php\/wp-json\/wp\/v2\/media?parent=5141"}],"curies":[{"name":"wp","href":"https:\/\/api.w.org\/{rel}","templated":true}]}}