{"id":5261,"date":"2020-10-01T21:47:04","date_gmt":"2020-10-01T19:47:04","guid":{"rendered":"http:\/\/zsokwidzyn.pl\/?page_id=5261"},"modified":"2020-10-01T21:50:31","modified_gmt":"2020-10-01T19:50:31","slug":"duplikat-swiadectwa","status":"publish","type":"page","link":"https:\/\/zsokwidzyn.pl\/index.php\/duplikat-swiadectwa\/","title":{"rendered":"Duplikat \u015bwiadectwa"},"content":{"rendered":"<p style=\"text-align: justify;\"><span style=\"font-size: 12pt;\">Duplikat jest odp\u0142atny, czas wystawienia duplikatu \u015bwiadectwa to 14 dni.<\/span><\/p>\n<p style=\"text-align: justify;\"><span style=\"font-size: 12pt;\">W za\u0142\u0105czniku poni\u017cej jest podanie, kt\u00f3re nale\u017cy wype\u0142ni\u0107 i wraz z potwierdzeniem wp\u0142aty nale\u017cy dostarczy\u0107 do sekretariatu lub przes\u0142a\u0107 skan mailem.<\/span><\/p>\n<p><span style=\"font-size: 12pt;\">NUMER KONTA BANKOWEGO:<\/span><\/p>\n<p><span style=\"font-size: 12pt;\">Powi\u015bla\u0144ski Bank Sp\u00f3\u0142dzielczy Kwidzyn<\/span><\/p>\n<p><span style=\"font-size: 12pt;\">Nr konta: 50 8300 0009 0016 8244 2000 0130<\/span><\/p>\n<p><span style=\"font-size: 12pt;\">W tytule wpisujemy swoje Imi\u0119 i Nazwisko oraz &#8222;duplikat \u015bwiadectwa&#8221;.<\/span><\/p>\n<p><span style=\"font-size: 12pt;\">Koszt duplikatu \u015bwiadectwa to 26 z\u0142<\/span><\/p>\n<p><span style=\"font-size: 12pt;\">Format doc: <a href=\"http:\/\/zsokwidzyn.pl\/wp-content\/uploads\/2020\/10\/Duplikat-swiadectwa-podanie.doc\" target=\"_blank\" rel=\"noopener noreferrer\"><strong>&#8212;&gt; Duplikat \u015bwiadectwa &#8211; podanie<\/strong><\/a><\/span><\/p>\n<p><span style=\"font-size: 12pt;\">Format pdf: <strong>\u00a0<a href=\"http:\/\/zsokwidzyn.pl\/wp-content\/uploads\/2020\/10\/Duplikat-swiadectwa-podanie.pdf\" target=\"_blank\" rel=\"noopener noreferrer\">&#8212;&gt; Duplikat \u015bwiadectwa &#8211; podanie<\/a>\u00a0<\/strong><\/span><\/p>\n","protected":false},"excerpt":{"rendered":"<div class=\"mh-excerpt\"><p>Duplikat jest odp\u0142atny, czas wystawienia duplikatu \u015bwiadectwa to 14 dni. W za\u0142\u0105czniku poni\u017cej jest podanie, kt\u00f3re nale\u017cy wype\u0142ni\u0107 i wraz z potwierdzeniem wp\u0142aty nale\u017cy dostarczy\u0107 <a class=\"mh-excerpt-more\" href=\"https:\/\/zsokwidzyn.pl\/index.php\/duplikat-swiadectwa\/\" title=\"Duplikat \u015bwiadectwa\">[&#8230;]<\/a><\/p>\n<\/div>","protected":false},"author":1,"featured_media":0,"parent":0,"menu_order":0,"comment_status":"closed","ping_status":"closed","template":"","meta":{"footnotes":""},"class_list":["post-5261","page","type-page","status-publish","hentry"],"_links":{"self":[{"href":"https:\/\/zsokwidzyn.pl\/index.php\/wp-json\/wp\/v2\/pages\/5261","targetHints":{"allow":["GET"]}}],"collection":[{"href":"https:\/\/zsokwidzyn.pl\/index.php\/wp-json\/wp\/v2\/pages"}],"about":[{"href":"https:\/\/zsokwidzyn.pl\/index.php\/wp-json\/wp\/v2\/types\/page"}],"author":[{"embeddable":true,"href":"https:\/\/zsokwidzyn.pl\/index.php\/wp-json\/wp\/v2\/users\/1"}],"replies":[{"embeddable":true,"href":"https:\/\/zsokwidzyn.pl\/index.php\/wp-json\/wp\/v2\/comments?post=5261"}],"version-history":[{"count":2,"href":"https:\/\/zsokwidzyn.pl\/index.php\/wp-json\/wp\/v2\/pages\/5261\/revisions"}],"predecessor-version":[{"id":5266,"href":"https:\/\/zsokwidzyn.pl\/index.php\/wp-json\/wp\/v2\/pages\/5261\/revisions\/5266"}],"wp:attachment":[{"href":"https:\/\/zsokwidzyn.pl\/index.php\/wp-json\/wp\/v2\/media?parent=5261"}],"curies":[{"name":"wp","href":"https:\/\/api.w.org\/{rel}","templated":true}]}}