{"id":844,"date":"2017-01-09T11:34:32","date_gmt":"2017-01-09T10:34:32","guid":{"rendered":"http:\/\/zsokwidzyn.pl\/?page_id=844"},"modified":"2018-12-09T20:55:52","modified_gmt":"2018-12-09T19:55:52","slug":"bookcrossing","status":"publish","type":"page","link":"https:\/\/zsokwidzyn.pl\/index.php\/bookcrossing\/","title":{"rendered":"Bookcrossing"},"content":{"rendered":"<p style=\"text-align: justify;\"><span style=\"font-size: 12pt; color: #000000;\">Od pa\u017adziernika dzia\u0142a w naszej szkole oficjalna\u00a0p\u00f3\u0142ka bookcrossingowa.\u00a0\u00a0\u00a0\u00a0\u00a0\u00a0\u00a0\u00a0\u00a0\u00a0\u00a0\u00a0\u00a0\u00a0\u00a0\u00a0\u00a0\u00a0\u00a0\u00a0\u00a0\u00a0\u00a0\u00a0\u00a0\u00a0\u00a0\u00a0 \u00a0\u00a0\u00a0\u00a0\u00a0\u00a0\u00a0\u00a0\u00a0\u00a0\u00a0<\/span><\/p>\n<p style=\"text-align: justify;\"><span style=\"font-size: 12pt; color: #000000;\">Akcja ,,Bookcrossing\u201d jest adresowana do wszystkich, kt\u00f3rzy lubi\u0105 czyta\u0107 i chc\u0105 si\u0119 dzieli\u0107 ksi\u0105\u017ckami z innymi. Bookcrossing polega na zostawianiu przeczytanych ksi\u0105\u017cek w miejscach publicznych, by znalazca m\u00f3g\u0142 je przeczyta\u0107 i przekaza\u0107 dalej.<\/span><\/p>\n<p style=\"text-align: justify;\"><span style=\"font-size: 12pt; color: #000000;\">Przeszukajcie swoje p\u00f3\u0142ki, rega\u0142y i wszelkie inne miejsca, w kt\u00f3rych trzymacie ksi\u0105\u017cki \u00a0i przynie\u015bcie na nasz\u0105 szkoln\u0105 p\u00f3\u0142k\u0119. Na pewno w\u015br\u00f3d dawno przeczytanych, obrastaj\u0105cych kurzem, ukrytych pod stertami innych tytu\u0142\u00f3w znajdziecie pozycje, kt\u00f3re uszcz\u0119\u015bliwi\u0105 niejednego ksi\u0105\u017ckomaniaka.<\/span><\/p>\n<p><span style=\"font-size: 12pt; color: #000000;\">\u00a0Zapraszamy do wsp\u00f3lnego czytania!<\/span><\/p>\n<p><span style=\"font-size: 12pt; color: #0000ff;\"><strong><a style=\"color: #0000ff;\" href=\"http:\/\/zsokwidzyn.pl\/wp-content\/uploads\/2017\/01\/regulamin-uwalnianych-ksi\u2500\u016f\u253c\u255dek-por..pdf\" target=\"_blank\" rel=\"noopener\">Regulamin uwalnianych ksi\u0105\u017cek<\/a><\/strong><\/span><\/p>\n<p><span style=\"font-size: 12pt; color: #0000ff;\"><strong><a style=\"color: #0000ff;\" href=\"http:\/\/zsokwidzyn.pl\/wp-content\/uploads\/2017\/01\/ksi\u2500\u016f\u253c\u255dki-uwolnione.pdf\" target=\"_blank\" rel=\"noopener\">Ksi\u0105\u017cki uwolnione- wykaz<\/a><\/strong><\/span><\/p>\n<p><span style=\"font-size: 12pt; color: #0000ff;\"><strong><a style=\"color: #0000ff;\" href=\"http:\/\/zsokwidzyn.pl\/wp-content\/uploads\/2017\/01\/Ksi\u2500\u016f\u253c\u255dki-uwolnione-X-16.pdf\">Ksi\u0105\u017cki uwolnione X 2016r.<\/a><\/strong><\/span><\/p>\n<p><span style=\"font-size: 12pt; color: #0000ff;\"><strong><a style=\"color: #0000ff;\" href=\"http:\/\/zsokwidzyn.pl\/wp-content\/uploads\/2017\/01\/Ksi\u2500\u016f\u253c\u255dki-uwolnione-II-17.pdf\" target=\"_blank\" rel=\"noopener\">Ksi\u0105\u017cki uwolnione II 2017r.<\/a><\/strong><\/span><\/p>\n<p><span style=\"font-size: 12pt; color: #0000ff;\"><strong><a style=\"color: #0000ff;\" href=\"http:\/\/zsokwidzyn.pl\/wp-content\/uploads\/2018\/12\/Lista-ksi\u0105\u017cek-na-p\u00f3\u0142k\u0119-bookcrossingow\u0105-cz.-1.pdf\" target=\"_blank\" rel=\"noopener\">Lista ksi\u0105\u017cek na p\u00f3\u0142k\u0119 bookcrossingow\u0105 cz. 1<\/a><\/strong><\/span><\/p>\n<p><span style=\"font-size: 12pt; color: #0000ff;\"><strong><a style=\"color: #0000ff;\" href=\"http:\/\/zsokwidzyn.pl\/wp-content\/uploads\/2018\/12\/Lista-ksi\u0105\u017cek-na-p\u00f3\u0142k\u0119-bookcrossingow\u0105-cz.-2.pdf\" target=\"_blank\" rel=\"noopener\">Lista ksi\u0105\u017cek na p\u00f3\u0142k\u0119 bookcrossingow\u0105 cz. 2<\/a><\/strong><\/span><\/p>\n<p><a href=\"http:\/\/zsokwidzyn.pl\/wp-content\/uploads\/2018\/12\/Lista-ksi\u0105\u017cek-na-p\u00f3\u0142k\u0119-bookcrossingow\u0105-cz.-3.pdf\" target=\"_blank\" rel=\"noopener\"><span style=\"font-size: 12pt; color: #0000ff;\"><strong>Lista ksi\u0105\u017cek na p\u00f3\u0142k\u0119 bookcrossingow\u0105 cz. 3<\/strong><\/span><\/a><\/p>\n<p><span style=\"font-size: 12pt;\">\r\n<div class=\"ngg-galleryoverview\" id=\"ngg-gallery-88-844\">\r\n\r\n\t<!-- Slideshow link -->\r\n\t<div class=\"slideshowlink\">\r\n\t\t<a class=\"slideshowlink\" href=\"https:\/\/zsokwidzyn.pl\/index.php\/bookcrossing\/?show=slide\">\r\n\t\t\t[Show as slideshow]\t\t<\/a>\r\n\t<\/div>\r\n\r\n\t\r\n\t<!-- Thumbnails -->\r\n\t\t\r\n\t<div id=\"ngg-image-1070\" class=\"ngg-gallery-thumbnail-box\"  >\r\n\t\t<div class=\"ngg-gallery-thumbnail\" >\r\n\t\t\t<a href=\"https:\/\/zsokwidzyn.pl\/wp-content\/gallery\/bookcrossing\/13106596_946624162118231_1632740823_o.jpg\" title=\" \" class=\"shutterset_set_88\" >\r\n\t\t\t\t\t\t\t\t<img loading=\"lazy\" decoding=\"async\" title=\"13106596_946624162118231_1632740823_o\" alt=\"13106596_946624162118231_1632740823_o\" src=\"https:\/\/zsokwidzyn.pl\/wp-content\/gallery\/bookcrossing\/thumbs\/thumbs_13106596_946624162118231_1632740823_o.jpg\" width=\"100\" height=\"75\" \/>\r\n\t\t\t\t\t\t\t<\/a>\r\n\t\t<\/div>\r\n\t<\/div>\r\n\t\r\n\t\t\r\n \t\t\r\n\t<div id=\"ngg-image-1071\" class=\"ngg-gallery-thumbnail-box\"  >\r\n\t\t<div class=\"ngg-gallery-thumbnail\" >\r\n\t\t\t<a href=\"https:\/\/zsokwidzyn.pl\/wp-content\/gallery\/bookcrossing\/13323997_968647946582519_77364544_o.jpg\" title=\" \" class=\"shutterset_set_88\" >\r\n\t\t\t\t\t\t\t\t<img loading=\"lazy\" decoding=\"async\" title=\"13323997_968647946582519_77364544_o\" alt=\"13323997_968647946582519_77364544_o\" src=\"https:\/\/zsokwidzyn.pl\/wp-content\/gallery\/bookcrossing\/thumbs\/thumbs_13323997_968647946582519_77364544_o.jpg\" width=\"100\" height=\"75\" \/>\r\n\t\t\t\t\t\t\t<\/a>\r\n\t\t<\/div>\r\n\t<\/div>\r\n\t\r\n\t\t\r\n \t\t\r\n\t<div id=\"ngg-image-1072\" class=\"ngg-gallery-thumbnail-box\"  >\r\n\t\t<div class=\"ngg-gallery-thumbnail\" >\r\n\t\t\t<a href=\"https:\/\/zsokwidzyn.pl\/wp-content\/gallery\/bookcrossing\/13334423_967421210038526_1004288337_o.jpg\" title=\" \" class=\"shutterset_set_88\" >\r\n\t\t\t\t\t\t\t\t<img loading=\"lazy\" decoding=\"async\" title=\"13334423_967421210038526_1004288337_o\" alt=\"13334423_967421210038526_1004288337_o\" src=\"https:\/\/zsokwidzyn.pl\/wp-content\/gallery\/bookcrossing\/thumbs\/thumbs_13334423_967421210038526_1004288337_o.jpg\" width=\"100\" height=\"75\" \/>\r\n\t\t\t\t\t\t\t<\/a>\r\n\t\t<\/div>\r\n\t<\/div>\r\n\t\r\n\t\t\r\n \t\t\r\n\t<div id=\"ngg-image-1073\" class=\"ngg-gallery-thumbnail-box\"  >\r\n\t\t<div class=\"ngg-gallery-thumbnail\" >\r\n\t\t\t<a href=\"https:\/\/zsokwidzyn.pl\/wp-content\/gallery\/bookcrossing\/13340818_968647963249184_410965333_o.jpg\" title=\" \" class=\"shutterset_set_88\" >\r\n\t\t\t\t\t\t\t\t<img loading=\"lazy\" decoding=\"async\" title=\"13340818_968647963249184_410965333_o\" alt=\"13340818_968647963249184_410965333_o\" src=\"https:\/\/zsokwidzyn.pl\/wp-content\/gallery\/bookcrossing\/thumbs\/thumbs_13340818_968647963249184_410965333_o.jpg\" width=\"100\" height=\"75\" \/>\r\n\t\t\t\t\t\t\t<\/a>\r\n\t\t<\/div>\r\n\t<\/div>\r\n\t\r\n\t\t\r\n \t\t\r\n\t<div id=\"ngg-image-1109\" class=\"ngg-gallery-thumbnail-box\"  >\r\n\t\t<div class=\"ngg-gallery-thumbnail\" >\r\n\t\t\t<a href=\"https:\/\/zsokwidzyn.pl\/wp-content\/gallery\/bookcrossing\/16389334_1888209368125036_1024687337_o.jpg\" title=\" \" class=\"shutterset_set_88\" >\r\n\t\t\t\t\t\t\t\t<img loading=\"lazy\" decoding=\"async\" title=\"16389334_1888209368125036_1024687337_o\" alt=\"16389334_1888209368125036_1024687337_o\" src=\"https:\/\/zsokwidzyn.pl\/wp-content\/gallery\/bookcrossing\/thumbs\/thumbs_16389334_1888209368125036_1024687337_o.jpg\" width=\"100\" height=\"75\" \/>\r\n\t\t\t\t\t\t\t<\/a>\r\n\t\t<\/div>\r\n\t<\/div>\r\n\t\r\n\t\t\r\n \t\t\r\n\t<div id=\"ngg-image-1110\" class=\"ngg-gallery-thumbnail-box\"  >\r\n\t\t<div class=\"ngg-gallery-thumbnail\" >\r\n\t\t\t<a href=\"https:\/\/zsokwidzyn.pl\/wp-content\/gallery\/bookcrossing\/16409252_1888209318125041_1299658019_o.jpg\" title=\" \" class=\"shutterset_set_88\" >\r\n\t\t\t\t\t\t\t\t<img loading=\"lazy\" decoding=\"async\" title=\"16409252_1888209318125041_1299658019_o\" alt=\"16409252_1888209318125041_1299658019_o\" src=\"https:\/\/zsokwidzyn.pl\/wp-content\/gallery\/bookcrossing\/thumbs\/thumbs_16409252_1888209318125041_1299658019_o.jpg\" width=\"100\" height=\"75\" \/>\r\n\t\t\t\t\t\t\t<\/a>\r\n\t\t<\/div>\r\n\t<\/div>\r\n\t\r\n\t\t\r\n \t\t\r\n\t<div id=\"ngg-image-1111\" class=\"ngg-gallery-thumbnail-box\"  >\r\n\t\t<div class=\"ngg-gallery-thumbnail\" >\r\n\t\t\t<a href=\"https:\/\/zsokwidzyn.pl\/wp-content\/gallery\/bookcrossing\/16466159_1888209301458376_274775181_o.jpg\" title=\" \" class=\"shutterset_set_88\" >\r\n\t\t\t\t\t\t\t\t<img loading=\"lazy\" decoding=\"async\" title=\"16466159_1888209301458376_274775181_o\" alt=\"16466159_1888209301458376_274775181_o\" src=\"https:\/\/zsokwidzyn.pl\/wp-content\/gallery\/bookcrossing\/thumbs\/thumbs_16466159_1888209301458376_274775181_o.jpg\" width=\"100\" height=\"75\" \/>\r\n\t\t\t\t\t\t\t<\/a>\r\n\t\t<\/div>\r\n\t<\/div>\r\n\t\r\n\t\t\r\n \t \t\r\n\t<!-- Pagination -->\r\n \t<div class=\"ngg-clear\"><\/div> \t\r\n<\/div>\r\n\r\n<\/span><\/p>\n","protected":false},"excerpt":{"rendered":"<div class=\"mh-excerpt\"><p>Od pa\u017adziernika dzia\u0142a w naszej szkole oficjalna\u00a0p\u00f3\u0142ka bookcrossingowa.\u00a0\u00a0\u00a0\u00a0\u00a0\u00a0\u00a0\u00a0\u00a0\u00a0\u00a0\u00a0\u00a0\u00a0\u00a0\u00a0\u00a0\u00a0\u00a0\u00a0\u00a0\u00a0\u00a0\u00a0\u00a0\u00a0\u00a0\u00a0 \u00a0\u00a0\u00a0\u00a0\u00a0\u00a0\u00a0\u00a0\u00a0\u00a0\u00a0 Akcja ,,Bookcrossing\u201d jest adresowana do wszystkich, kt\u00f3rzy lubi\u0105 czyta\u0107 i chc\u0105 si\u0119 dzieli\u0107 ksi\u0105\u017ckami z innymi. <a class=\"mh-excerpt-more\" href=\"https:\/\/zsokwidzyn.pl\/index.php\/bookcrossing\/\" title=\"Bookcrossing\">[&#8230;]<\/a><\/p>\n<\/div>","protected":false},"author":1,"featured_media":0,"parent":0,"menu_order":0,"comment_status":"closed","ping_status":"closed","template":"","meta":{"footnotes":""},"class_list":["post-844","page","type-page","status-publish","hentry"],"_links":{"self":[{"href":"https:\/\/zsokwidzyn.pl\/index.php\/wp-json\/wp\/v2\/pages\/844","targetHints":{"allow":["GET"]}}],"collection":[{"href":"https:\/\/zsokwidzyn.pl\/index.php\/wp-json\/wp\/v2\/pages"}],"about":[{"href":"https:\/\/zsokwidzyn.pl\/index.php\/wp-json\/wp\/v2\/types\/page"}],"author":[{"embeddable":true,"href":"https:\/\/zsokwidzyn.pl\/index.php\/wp-json\/wp\/v2\/users\/1"}],"replies":[{"embeddable":true,"href":"https:\/\/zsokwidzyn.pl\/index.php\/wp-json\/wp\/v2\/comments?post=844"}],"version-history":[{"count":8,"href":"https:\/\/zsokwidzyn.pl\/index.php\/wp-json\/wp\/v2\/pages\/844\/revisions"}],"predecessor-version":[{"id":3890,"href":"https:\/\/zsokwidzyn.pl\/index.php\/wp-json\/wp\/v2\/pages\/844\/revisions\/3890"}],"wp:attachment":[{"href":"https:\/\/zsokwidzyn.pl\/index.php\/wp-json\/wp\/v2\/media?parent=844"}],"curies":[{"name":"wp","href":"https:\/\/api.w.org\/{rel}","templated":true}]}}